{"id":242,"date":"2015-07-07T13:31:50","date_gmt":"2015-07-07T11:31:50","guid":{"rendered":"http:\/\/www.peporiol.com\/?page_id=242"},"modified":"2015-07-08T10:56:53","modified_gmt":"2015-07-08T08:56:53","slug":"tecnologia","status":"publish","type":"page","link":"http:\/\/www.peporiol.com\/?page_id=242","title":{"rendered":"TECNOLOGIA"},"content":{"rendered":"<p class=\"paragraph_style\">La meva formaci\u00f3 va comen\u00e7ar en l\u2019\u00e0mbit tecnol\u00f2gic, i malgrat m\u2019hagi dedicat sempre a les lletres, aquesta formaci\u00f3 m\u2019ha fet entendre el component t\u00e8cnic de l\u2019expressi\u00f3 audiovisual i la necessitat d\u2019exercir-hi algun tipus de control, conscient de la impossibilitat de dominar-lo completament.<\/p>\n<p class=\"paragraph_style\">En els llocs on he desenvolupat la meva feina he acabat controlant l\u2019enginyeria per assegurar les prestacions posteriors, vaig fer el disseny dels estudis de doblatge de CAN BRUIXA, a Barcelona, i la reorganitzaci\u00f3 de l\u2019equipament de <a title=\"http:\/\/www.iescaparrella.org\/\" href=\"http:\/\/www.iescaparrella.org\/\" target=\"_blank\">l\u2019IES La Caparrella<\/a> i el de <a title=\"http:\/\/www.cpav.udl.cat\/\" href=\"http:\/\/www.cpav.udl.cat\/\" target=\"_blank\">CPAV de la Universitat de Lleida<\/a>. Vaig participar en la posada en marxa de <a title=\"http:\/\/www.segre.com\/tv1.html\" href=\"http:\/\/www.segre.com\/tv1.html\" target=\"_blank\">LLEIDA TV<\/a>, incidint en aspectes d\u2019enginyeria i complements de producci\u00f3. Tamb\u00e9 he dissenyat una unitat m\u00f2bil de televisi\u00f3 utilitzada per Lleida TV i els estudis de Comunicaci\u00f3 Audiovisual de la UdL.<\/p>\n<p class=\"paragraph_style\">Actualment estic vinculat al\u00a0projecte\u00a0<a title=\"http:\/\/magicalmedia.parcteclleida.es\/\" href=\"http:\/\/www.magical.cat\" target=\"_blank\">MAGICAL<\/a>, el centre de producci\u00f3 audiovisual que s\u2019ha constru\u00eft al tur\u00f3 de Gardeny, a Lleida, on l&#8217;Ajuntament i la Universitat hi tenen el <a title=\"http:\/\/pcital.es\/\" href=\"http:\/\/pcital.es\/\" target=\"_blank\">Parc Cient\u00edfic i Tecnol\u00f2gic<\/a>. He fet\u00a0el disseny conceptual i tecnol\u00f2gic des de la proposta inicial fins la seva configuraci\u00f3 final, encara en desenvolupament, amb l&#8217;enginyer Esteve Aymerich.<\/p>\n","protected":false},"excerpt":{"rendered":"<p>La meva formaci\u00f3 va comen\u00e7ar en l\u2019\u00e0mbit tecnol\u00f2gic, i malgrat m\u2019hagi dedicat sempre a les lletres, aquesta formaci\u00f3 m\u2019ha fet entendre el component t\u00e8cnic de l\u2019expressi\u00f3 audiovisual i la necessitat d\u2019exercir-hi algun tipus de control, conscient de la impossibilitat de dominar-lo completament. En els llocs on he desenvolupat la meva [&hellip;]<\/p>\n","protected":false},"author":2,"featured_media":240,"parent":0,"menu_order":3,"comment_status":"closed","ping_status":"closed","template":"","meta":[],"_links":{"self":[{"href":"http:\/\/www.peporiol.com\/index.php?rest_route=\/wp\/v2\/pages\/242"}],"collection":[{"href":"http:\/\/www.peporiol.com\/index.php?rest_route=\/wp\/v2\/pages"}],"about":[{"href":"http:\/\/www.peporiol.com\/index.php?rest_route=\/wp\/v2\/types\/page"}],"author":[{"embeddable":true,"href":"http:\/\/www.peporiol.com\/index.php?rest_route=\/wp\/v2\/users\/2"}],"replies":[{"embeddable":true,"href":"http:\/\/www.peporiol.com\/index.php?rest_route=%2Fwp%2Fv2%2Fcomments&post=242"}],"version-history":[{"count":4,"href":"http:\/\/www.peporiol.com\/index.php?rest_route=\/wp\/v2\/pages\/242\/revisions"}],"predecessor-version":[{"id":363,"href":"http:\/\/www.peporiol.com\/index.php?rest_route=\/wp\/v2\/pages\/242\/revisions\/363"}],"wp:featuredmedia":[{"embeddable":true,"href":"http:\/\/www.peporiol.com\/index.php?rest_route=\/wp\/v2\/media\/240"}],"wp:attachment":[{"href":"http:\/\/www.peporiol.com\/index.php?rest_route=%2Fwp%2Fv2%2Fmedia&parent=242"}],"curies":[{"name":"wp","href":"https:\/\/api.w.org\/{rel}","templated":true}]}}

<p class="paragraph_style">La meva formació va començar en l’àmbit tecnològic, i malgrat m’hagi dedicat sempre a les lletres, aquesta formació m’ha fet entendre el component tècnic de l’expressió audiovisual i la necessitat d’exercir-hi algun tipus de control, conscient de la impossibilitat de dominar-lo completament.</p>
<p class="paragraph_style">En els llocs on he desenvolupat la meva feina he acabat controlant l’enginyeria per assegurar les prestacions posteriors, vaig fer el disseny dels estudis de doblatge de CAN BRUIXA, a Barcelona, i la reorganització de l’equipament de <a title="http://www.iescaparrella.org/" href="http://www.iescaparrella.org/" target="_blank">l’IES La Caparrella</a> i el de <a title="http://www.cpav.udl.cat/" href="http://www.cpav.udl.cat/" target="_blank">CPAV de la Universitat de Lleida</a>. Vaig participar en la posada en marxa de <a title="http://www.segre.com/tv1.html" href="http://www.segre.com/tv1.html" target="_blank">LLEIDA TV</a>, incidint en aspectes d’enginyeria i complements de producció. També he dissenyat una unitat mòbil de televisió utilitzada per Lleida TV i els estudis de Comunicació Audiovisual de la UdL.</p>
<p class="paragraph_style">Actualment estic vinculat al projecte <a title="http://magicalmedia.parcteclleida.es/" href="http://www.magical.cat" target="_blank">MAGICAL</a>, el centre de producció audiovisual que s’ha construït al turó de Gardeny, a Lleida, on l&#8217;Ajuntament i la Universitat hi tenen el <a title="http://pcital.es/" href="http://pcital.es/" target="_blank">Parc Científic i Tecnològic</a>. He fet el disseny conceptual i tecnològic des de la proposta inicial fins la seva configuració final, encara en desenvolupament, amb l&#8217;enginyer Esteve Aymerich.</p>

<p>La meva formació va començar en l’àmbit tecnològic, i malgrat m’hagi dedicat sempre a les lletres, aquesta formació m’ha fet entendre el component tècnic de l’expressió audiovisual i la necessitat d’exercir-hi algun tipus de control, conscient de la impossibilitat de dominar-lo completament. En els llocs on he desenvolupat la meva [&hellip;]</p>
