{"id":250,"date":"2015-07-07T13:51:36","date_gmt":"2015-07-07T11:51:36","guid":{"rendered":"http:\/\/www.peporiol.com\/?page_id=250"},"modified":"2019-10-14T16:59:43","modified_gmt":"2019-10-14T14:59:43","slug":"pep-oriol","status":"publish","type":"page","link":"https:\/\/www.peporiol.com\/?page_id=250","title":{"rendered":"PEP ORIOL"},"content":{"rendered":"<p class=\"Body\"><strong>FORMACI\u00d3<\/strong><\/p>\n<p class=\"Body\">T\u00edtol DEA per la UAB (2006)<\/p>\n<p class=\"Body\">Llicenciatura\u00a0 en\u00a0 Ci\u00e8ncies de la Informaci\u00f3 secci\u00f3 Publicitat per la Universitat Aut\u00f2noma de Bellaterra.\u00a0 (1983)<\/p>\n<p class=\"Body\">Disseny gr\u00e0fic i fotografia a l&#8217;Escola Elisava del C.I.C.\u00a0 Barcelona (1979 fins 1981)<\/p>\n<p class=\"Body\">Curs de Metodologia de la Programaci\u00f3 d&#8217;Ordinadors a les depend\u00e8ncies d&#8217;Honeywell Bull a Barcelona, 1976 (400 hores)<\/p>\n<p class=\"Body\">Certificat de sufici\u00e8ncia de catal\u00e0 nivell C<\/p>\n<p class=\"Body\">Certificat d\u2019acreditaci\u00f3 de compet\u00e8ncies en tecnologies de la informaci\u00f3 i la comunicaci\u00f3 (nivell 2)<\/p>\n<div class=\"paragraph Body\">\n<div class=\"tinyText inline-block\">\n<div><img src=\"http:\/\/peporiol.com\/PEP_ORIOL_files\/shapeimage_3.jpg\" alt=\"\" \/><\/div>\n<\/div>\n<\/div>\n<p class=\"Body\"><strong>APLICACIONS INFORM\u00c0TIQUES<\/strong><\/p>\n<p class=\"Body\">En treballs de so he utilitzat:<\/p>\n<p class=\"Body\">Pro Tools, Cubase, Cakewalk, Audition&#8230;<\/p>\n<p class=\"Body\">En grafisme:<\/p>\n<p class=\"Body\">Adobe Illustrator, Coreldraw, Photoshop, Fontographer<\/p>\n<p class=\"Body\">En 3D:<\/p>\n<p class=\"Body\">3d Studio, 3d MAX, Poser, Bryce, DAZ 3D<\/p>\n<p class=\"Body\">En edici\u00f3 de v\u00eddeo:<\/p>\n<p class=\"Body\">EDIT, Speed Razor, After Effects, Avid, Suite Adobe Premi\u00e8re, Suite Final Cut.<\/p>\n<p class=\"Body\">En interactius:<\/p>\n<p class=\"Body\">Flash<\/p>\n<p class=\"Body\">Ofim\u00e0tica:<\/p>\n<p class=\"Body\">Suite Office, Adobe Acrobat, Suite iWork.<\/p>\n<p class=\"Body\">Certificat de l\u2019ACTIC nivell 2<\/p>\n<div class=\"paragraph Body\">\n<div class=\"tinyText inline-block\">\n<div><img src=\"http:\/\/peporiol.com\/PEP_ORIOL_files\/shapeimage_4.jpg\" alt=\"\" \/><\/div>\n<\/div>\n<\/div>\n<p class=\"Body\"><strong>EXPERI\u00c8NCIA PROFESSIONAL<\/strong><\/p>\n<p class=\"Body\">2007&#8230;<\/p>\n<p class=\"Body\">Consultor audiovisual aut\u00f2nom. Treballo com independent en tasques de consultoria per la Paeria de Lleida i la UdL en el complex MAGICAL.<\/p>\n<p class=\"Body\">2008 &#8211; 2009<\/p>\n<p class=\"Body\">Conceptualitzaci\u00f3 de l\u2019espai de televisi\u00f3 de les valls pel Conselh Generau d\u2019Aran.<\/p>\n<p class=\"Body\">2007 &#8211; 2008<\/p>\n<p class=\"Body\">Producci\u00f3 executiva a la productora ANT\u00c0RTIDA<\/p>\n<p class=\"Body\">2003 &#8230;<\/p>\n<p class=\"Body\">Professor de la Universitat de Lleida (UdL). Unitat de comunicaci\u00f3 i periodisme audiovisual del departament de filologia catalana. Tamb\u00e9 he participat en diversos M\u00e0sters.<\/p>\n<p class=\"Body\">2002 &#8211; 2007<\/p>\n<p class=\"Body\">PRODUCTORA LLEIDATANA DE TELEVISI\u00d3. Dins el GRUP SEGRE aquesta productora explota el canal LLEIDA TELEVISI\u00d3, en el que he estat cap de programes i de realitzaci\u00f3 (inclosa l\u2019\u00e0rea t\u00e8cnica) fins l\u2019any 2007.<\/p>\n<p class=\"Body\">2001 &#8211; 2002<\/p>\n<p class=\"Body\">Professor del Grau Superior d\u2019Imatge i So de l\u2019IES La Caparrella de Lleida<\/p>\n<p class=\"Body\">1998 &#8211; 2001<\/p>\n<p class=\"Body\">(Independent) Aquests anys vaig treballar gaireb\u00e9 exclusivament per a PLANETA DE AGOSTINI fent la realitzaci\u00f3, l\u2019edici\u00f3, el doblatge o la subtitulaci\u00f3 de productes de quiosc: S\u00e8ries com\u00a0 \u201cErase una vez\u201d o \u201cLa Aventura submarina de Jacques Cousteau\u201d, Cursos d&#8217;Economia i Idiomes, Enciclop\u00e8dies multim\u00e8dia, etc&#8230; formen el gruix d\u2019una col\u00b7laboraci\u00f3 que va durar fins l\u2019any 2001.<\/p>\n<p class=\"Body\">Des de l\u2019any 1996 he dirigit diverses obres de teatre i \u00f2peres de petit format.<\/p>\n<p class=\"Body\">1985 &#8211; 1998<\/p>\n<p class=\"Body\">CAN BRUIXA P.A.S.A. (Doblatge i producci\u00f3 audiovisual) Doblatges per Canal 10, TV3 de Catalunya, Antena 3, Canal +, Tele 5, Canal 9 i TV Gal\u00edcia. Treballs de publicitat per MCCANN ERICSON i SOLANA\/CID<\/p>\n<p class=\"Body\">Programes en v\u00eddeo per empreses com\u00a0 BAYER, FESTO, JAEGER, GENERALITAT DE CATALUNYA, SOLEX, MARPOSS, FERRER INTERNACIONAL, AYUNTAMIENTO DE SAN SEBASTIAN, VICEVERSA\/LEACRIL, BANCO ATLANTICO, EDITORIAL PLANETA, HISPACOP, SANOFI, M&amp;E FLAMINGO, LA VANGUARDIA, EL MUNDO DEPORTIVO, etc. En aquestes produccions he intervingut en els camps de la realitzaci\u00f3 multic\u00e0mera, el gui\u00f3, el muntatge, l\u2019animaci\u00f3 convencional i infogr\u00e0fica, l\u2019operaci\u00f3 de c\u00e0meres, etc.<\/p>\n<p class=\"Body\">1983 &#8211; 1985<\/p>\n<p class=\"Body\">TRAM SA (Producci\u00f3 audiovisual) Al comen\u00e7ament de la meva incorporaci\u00f3 a aquesta empresa vaig fer les funcions de c\u00e0mera i operador de fotografia gaireb\u00e9 3 anys, ra\u00f3 per la qual tamb\u00e9 puc aportar experi\u00e8ncia en aquest \u00e0mbit, a la qual puc afegir els 10 anys\u00a0 que vaig estar en l\u2019equip t\u00e8cnic del teatre de La Passi\u00f3 de Cervera amb una instal\u00b7laci\u00f3 per un escenari de 400m2.<\/p>\n<div class=\"paragraph Body\">\n<div class=\"tinyText inline-block\">\n<div><img src=\"http:\/\/peporiol.com\/PEP_ORIOL_files\/shapeimage_5.jpg\" alt=\"\" \/><\/div>\n<\/div>\n<\/div>\n<p class=\"Body\"><strong>EXPERI\u00c8NCIA DOCENT<\/strong><\/p>\n<p class=\"Body\">Professor de Producci\u00f3 i Realitzaci\u00f3 Audiovisual\u00a0 a la Universitat de Lleida en el Grau de Comunicaci\u00f3 i Periodisme Audiovisuals, unitat dins el departament de Filologia Catalana i Comunicaci\u00f3 Audiovisual, des de setembre de 2003.<\/p>\n<p class=\"Body\">Tamb\u00e9 en aquesta mateixa unitat he impartit Psicologia de la Comunicaci\u00f3 i T\u00e8cniques de so.<\/p>\n<p class=\"Body\">Des del 2008 fins la seva desaparici\u00f3, professor del M\u00c0STER EN INTERACCI\u00d3 PERSONA-ORDINADOR per el departament d\u2019Inform\u00e0tica i Enginyeria Industrial de la Universitat de Lleida.<\/p>\n<p class=\"Body\">(2007) Professor del MASTER DE MEDIACI\u00d3 LING\u00dc\u00cdSTICA al Departament de Filologia Cl\u00e0ssica, Francesa i Hisp\u00e0nica de la Universitat de Lleida.<\/p>\n<p class=\"Body\">El curs 2001-2002 vaig ser cap de departament i professor de pr\u00e0ctiques audiovisuals, producci\u00f3 i post producci\u00f3 al grau superior d\u2019Imatge de l\u2019IES La Caparrella, a Lleida. Tamb\u00e9 en aquella \u00e9poca vaig treballar com formador de formadors del departament d\u2019ensenyament, amb un curs d&#8217;Adobe Premiere per l\u2019ICE i un de similar sobre la Suite Adobe per a metges de l\u2019hospital Arnau de Vilanova.<\/p>\n<p class=\"Body\">He fet diversos cursos i seminaris de teatre per amateurs.<\/p>\n","protected":false},"excerpt":{"rendered":"<p>FORMACI\u00d3 T\u00edtol DEA per la UAB (2006) Llicenciatura\u00a0 en\u00a0 Ci\u00e8ncies de la Informaci\u00f3 secci\u00f3 Publicitat per la Universitat Aut\u00f2noma de Bellaterra.\u00a0 (1983) Disseny gr\u00e0fic i fotografia a l&#8217;Escola Elisava del C.I.C.\u00a0 Barcelona (1979 fins 1981) Curs de Metodologia de la Programaci\u00f3 d&#8217;Ordinadors a les depend\u00e8ncies d&#8217;Honeywell Bull a Barcelona, 1976 [&hellip;]<\/p>\n","protected":false},"author":2,"featured_media":292,"parent":0,"menu_order":6,"comment_status":"closed","ping_status":"closed","template":"","meta":[],"_links":{"self":[{"href":"https:\/\/www.peporiol.com\/index.php?rest_route=\/wp\/v2\/pages\/250"}],"collection":[{"href":"https:\/\/www.peporiol.com\/index.php?rest_route=\/wp\/v2\/pages"}],"about":[{"href":"https:\/\/www.peporiol.com\/index.php?rest_route=\/wp\/v2\/types\/page"}],"author":[{"embeddable":true,"href":"https:\/\/www.peporiol.com\/index.php?rest_route=\/wp\/v2\/users\/2"}],"replies":[{"embeddable":true,"href":"https:\/\/www.peporiol.com\/index.php?rest_route=%2Fwp%2Fv2%2Fcomments&post=250"}],"version-history":[{"count":6,"href":"https:\/\/www.peporiol.com\/index.php?rest_route=\/wp\/v2\/pages\/250\/revisions"}],"predecessor-version":[{"id":1730,"href":"https:\/\/www.peporiol.com\/index.php?rest_route=\/wp\/v2\/pages\/250\/revisions\/1730"}],"wp:featuredmedia":[{"embeddable":true,"href":"https:\/\/www.peporiol.com\/index.php?rest_route=\/wp\/v2\/media\/292"}],"wp:attachment":[{"href":"https:\/\/www.peporiol.com\/index.php?rest_route=%2Fwp%2Fv2%2Fmedia&parent=250"}],"curies":[{"name":"wp","href":"https:\/\/api.w.org\/{rel}","templated":true}]}}

<p class="Body"><strong>FORMACIÓ</strong></p>
<p class="Body">Títol DEA per la UAB (2006)</p>
<p class="Body">Llicenciatura  en  Ciències de la Informació secció Publicitat per la Universitat Autònoma de Bellaterra.  (1983)</p>
<p class="Body">Disseny gràfic i fotografia a l&#8217;Escola Elisava del C.I.C.  Barcelona (1979 fins 1981)</p>
<p class="Body">Curs de Metodologia de la Programació d&#8217;Ordinadors a les dependències d&#8217;Honeywell Bull a Barcelona, 1976 (400 hores)</p>
<p class="Body">Certificat de suficiència de català nivell C</p>
<p class="Body">Certificat d’acreditació de competències en tecnologies de la informació i la comunicació (nivell 2)</p>
<div class="paragraph Body">
<div class="tinyText inline-block">
<div><img src="http://peporiol.com/PEP_ORIOL_files/shapeimage_3.jpg" alt="" /></div>
</div>
</div>
<p class="Body"><strong>APLICACIONS INFORMÀTIQUES</strong></p>
<p class="Body">En treballs de so he utilitzat:</p>
<p class="Body">Pro Tools, Cubase, Cakewalk, Audition&#8230;</p>
<p class="Body">En grafisme:</p>
<p class="Body">Adobe Illustrator, Coreldraw, Photoshop, Fontographer</p>
<p class="Body">En 3D:</p>
<p class="Body">3d Studio, 3d MAX, Poser, Bryce, DAZ 3D</p>
<p class="Body">En edició de vídeo:</p>
<p class="Body">EDIT, Speed Razor, After Effects, Avid, Suite Adobe Première, Suite Final Cut.</p>
<p class="Body">En interactius:</p>
<p class="Body">Flash</p>
<p class="Body">Ofimàtica:</p>
<p class="Body">Suite Office, Adobe Acrobat, Suite iWork.</p>
<p class="Body">Certificat de l’ACTIC nivell 2</p>
<div class="paragraph Body">
<div class="tinyText inline-block">
<div><img src="http://peporiol.com/PEP_ORIOL_files/shapeimage_4.jpg" alt="" /></div>
</div>
</div>
<p class="Body"><strong>EXPERIÈNCIA PROFESSIONAL</strong></p>
<p class="Body">2007&#8230;</p>
<p class="Body">Consultor audiovisual autònom. Treballo com independent en tasques de consultoria per la Paeria de Lleida i la UdL en el complex MAGICAL.</p>
<p class="Body">2008 &#8211; 2009</p>
<p class="Body">Conceptualització de l’espai de televisió de les valls pel Conselh Generau d’Aran.</p>
<p class="Body">2007 &#8211; 2008</p>
<p class="Body">Producció executiva a la productora ANTÀRTIDA</p>
<p class="Body">2003 &#8230;</p>
<p class="Body">Professor de la Universitat de Lleida (UdL). Unitat de comunicació i periodisme audiovisual del departament de filologia catalana. També he participat en diversos Màsters.</p>
<p class="Body">2002 &#8211; 2007</p>
<p class="Body">PRODUCTORA LLEIDATANA DE TELEVISIÓ. Dins el GRUP SEGRE aquesta productora explota el canal LLEIDA TELEVISIÓ, en el que he estat cap de programes i de realització (inclosa l’àrea tècnica) fins l’any 2007.</p>
<p class="Body">2001 &#8211; 2002</p>
<p class="Body">Professor del Grau Superior d’Imatge i So de l’IES La Caparrella de Lleida</p>
<p class="Body">1998 &#8211; 2001</p>
<p class="Body">(Independent) Aquests anys vaig treballar gairebé exclusivament per a PLANETA DE AGOSTINI fent la realització, l’edició, el doblatge o la subtitulació de productes de quiosc: Sèries com  “Erase una vez” o “La Aventura submarina de Jacques Cousteau”, Cursos d&#8217;Economia i Idiomes, Enciclopèdies multimèdia, etc&#8230; formen el gruix d’una col·laboració que va durar fins l’any 2001.</p>
<p class="Body">Des de l’any 1996 he dirigit diverses obres de teatre i òperes de petit format.</p>
<p class="Body">1985 &#8211; 1998</p>
<p class="Body">CAN BRUIXA P.A.S.A. (Doblatge i producció audiovisual) Doblatges per Canal 10, TV3 de Catalunya, Antena 3, Canal +, Tele 5, Canal 9 i TV Galícia. Treballs de publicitat per MCCANN ERICSON i SOLANA/CID</p>
<p class="Body">Programes en vídeo per empreses com  BAYER, FESTO, JAEGER, GENERALITAT DE CATALUNYA, SOLEX, MARPOSS, FERRER INTERNACIONAL, AYUNTAMIENTO DE SAN SEBASTIAN, VICEVERSA/LEACRIL, BANCO ATLANTICO, EDITORIAL PLANETA, HISPACOP, SANOFI, M&amp;E FLAMINGO, LA VANGUARDIA, EL MUNDO DEPORTIVO, etc. En aquestes produccions he intervingut en els camps de la realització multicàmera, el guió, el muntatge, l’animació convencional i infogràfica, l’operació de càmeres, etc.</p>
<p class="Body">1983 &#8211; 1985</p>
<p class="Body">TRAM SA (Producció audiovisual) Al començament de la meva incorporació a aquesta empresa vaig fer les funcions de càmera i operador de fotografia gairebé 3 anys, raó per la qual també puc aportar experiència en aquest àmbit, a la qual puc afegir els 10 anys  que vaig estar en l’equip tècnic del teatre de La Passió de Cervera amb una instal·lació per un escenari de 400m2.</p>
<div class="paragraph Body">
<div class="tinyText inline-block">
<div><img src="http://peporiol.com/PEP_ORIOL_files/shapeimage_5.jpg" alt="" /></div>
</div>
</div>
<p class="Body"><strong>EXPERIÈNCIA DOCENT</strong></p>
<p class="Body">Professor de Producció i Realització Audiovisual  a la Universitat de Lleida en el Grau de Comunicació i Periodisme Audiovisuals, unitat dins el departament de Filologia Catalana i Comunicació Audiovisual, des de setembre de 2003.</p>
<p class="Body">També en aquesta mateixa unitat he impartit Psicologia de la Comunicació i Tècniques de so.</p>
<p class="Body">Des del 2008 fins la seva desaparició, professor del MÀSTER EN INTERACCIÓ PERSONA-ORDINADOR per el departament d’Informàtica i Enginyeria Industrial de la Universitat de Lleida.</p>
<p class="Body">(2007) Professor del MASTER DE MEDIACIÓ LINGÜÍSTICA al Departament de Filologia Clàssica, Francesa i Hispànica de la Universitat de Lleida.</p>
<p class="Body">El curs 2001-2002 vaig ser cap de departament i professor de pràctiques audiovisuals, producció i post producció al grau superior d’Imatge de l’IES La Caparrella, a Lleida. També en aquella época vaig treballar com formador de formadors del departament d’ensenyament, amb un curs d&#8217;Adobe Premiere per l’ICE i un de similar sobre la Suite Adobe per a metges de l’hospital Arnau de Vilanova.</p>
<p class="Body">He fet diversos cursos i seminaris de teatre per amateurs.</p>

<p>FORMACIÓ Títol DEA per la UAB (2006) Llicenciatura  en  Ciències de la Informació secció Publicitat per la Universitat Autònoma de Bellaterra.  (1983) Disseny gràfic i fotografia a l&#8217;Escola Elisava del C.I.C.  Barcelona (1979 fins 1981) Curs de Metodologia de la Programació d&#8217;Ordinadors a les dependències d&#8217;Honeywell Bull a Barcelona, 1976 [&hellip;]</p>
